Let h be s(-3). Let u = h - -42. What is the tens digit of u?
0
Suppose 0 = -5*y + 5*n - 229 - 46, -95 = 2*y + n. What is the tens digit of -19*(-6 + 3 + y)?
0
Suppose 2*x = 2*j - 28328, -83*j - 14166 = -84*j + 3*x. What is the thousands digit of j?
4
Suppose -302 = -4*b - 66. Let q = b - -3. Suppose 0 = 4*p - 3*n - 279, q = p - 5*n - 29. What is the units digit of p?
6
Let f(g) be the first derivative of g**2/2 + 10*g - 12. Let r be f(-6). Suppose 2*s + r*o = 168 - 38, 3*s + o = 215. What is the tens digit of s?
7
Suppose -6*v + 52 = 7*v. Suppose -3*d - o = -307, 0 = -v*d - o - 2*o + 411. Suppose y + 0*y = d. What is the tens digit of y?
0
Let y = 1673 - -12559. What is the ten thousands digit of y?
1
Suppose -480 = 22*h - 27*h. Let d = 88 - 142. Let p = h + d. What is the tens digit of p?
4
What is the hundreds digit of 16/(-136) + 2090487/119?
5
Let v(g) be the first derivative of 2*g**3/3 - 3*g**2 - 16*g - 3. What is the units digit of v(-12)?
4
Suppose -13 = -3*r - 1, -3*q - 1349 = r. Let o = q - -1315. What is the tens digit of o?
6
Let l(v) = 15*v**2 - 4*v - 4. Suppose 141*a = 144*a + 9. Let t be l(a). Suppose 0 = 2*c - 203 - t. What is the hundreds digit of c?
1
Let l = 431 + -297. Suppose -14*q - 8 + 36 = 0. Suppose -213 = -4*n - j - 2*j, 4*j + l = q*n. What is the units digit of n?
7
Suppose 2022*a - 2026*a + 2*x = -95948, 0 = 5*a - x - 119944. What is the ten thousands digit of a?
2
Suppose 103 = -p - l, -3*l - 198 = 2*p - 5*l. Let d = 23 + p. What is the units digit of d/(-8)*16/6?
6
Let s(l) = 4*l**2 + 3*l - 1. Suppose -3*d - 76 = -d. Let h = -34 - d. What is the tens digit of s(h)?
7
Let o = 16 - 17. Let u(z) = -z**3 - z**2 - 2*z. Let v be u(o). Suppose 3*x = -v*s + 142, -2*x + s + 182 = 2*x. What is the units digit of x?
6
Suppose -2*u - 1674*v + 125336 = -1676*v, 0 = -4*v - 32. What is the ten thousands digit of u?
6
Suppose 0 = p - 2*d, 4*p + d - 5 = 4. Suppose 2*z = -3*k + 281, -2*z - p*z = 5*k - 561. Let s = 220 - z. What is the tens digit of s?
8
Let t = 35 + 2. Suppose 6*d = t*d - 17515. What is the tens digit of d?
6
Let k(c) = -9*c - 1 - 6*c**2 + 0*c + 15*c**2 + 21*c**2. What is the tens digit of k(-2)?
3
Let t be -4 + (-14)/105 + (-212)/(-15). Suppose 0 = -5*c + t*c + 2*m - 3105, -5*c + m + 3105 = 0. What is the tens digit of c?
2
Suppose -25*x = x + 8*x - 1550978. What is the hundreds digit of x?
6
What is the thousands digit of (-744)/(-124)*((-63637)/6)/(-7)?
9
What is the tens digit of ((-17)/(-68))/((-27)/12) + 982550/18?
8
What is the units digit of 13 + -5 - 16 - -862*13?
8
Suppose -4*v + 8 = 0, -2*s - v + 0*v + 62 = 0. Suppose -4*j + s = -18. What is the tens digit of ((-4)/(16/j) - -32) + 0?
2
Suppose 1013 - 1016 = -u, -4*u - 125676 = -3*t. What is the thousands digit of t?
1
Suppose 2*w - q + 3*q - 58 = 0, -21 = -w - 3*q. Let r = w - 24. What is the units digit of (r - 3 - 4) + 102/2?
3
Suppose -5*p = -4*p - 3*r - 12, 0 = -5*p + r + 32. Let x(m) = 2*m**3 + m**2 + 5*m + 21. What is the units digit of x(p)?
9
What is the units digit of (-2146020)/(-68) + ((-20)/(-510))/((-4)/12)?
9
Suppose -2*i + 2*x + 4607 = -3*x, -5*i + 11564 = 3*x. What is the tens digit of 1/8 + i/8 - -3?
9
Let c = -434 - -437. Suppose -1550 = -y + 4*m, c*y - 2538 = -3*m + 2052. What is the tens digit of y?
3
Let f be 10/(-25) + 494/10. Suppose 2*m + 250 + f = h, -3*h + m + 922 = 0. What is the tens digit of h?
0
Let s = -104 - -150. Let p(j) = 10*j - 37*j + 45 - s. What is the units digit of p(-2)?
3
Suppose -101*u + 4280308 = 25091 - 2090209. What is the tens digit of u?
2
Suppose 16*m - 120 = 10*m. Suppose -10*a = -14*a + m. Suppose 5*s + v = s + 276, -2*s - a*v = -120. What is the tens digit of s?
7
Let c be 79/3*-2*3/(-2). Let k = c - 65. Suppose -9*j - 170 = -k*j. What is the units digit of j?
4
Let p = 94599 + -55915. What is the thousands digit of p?
8
Let x be (-9)/(-2) + 1 + 15/(-30). Suppose 5*d + 4*j = 40, x*j = d - 3*d + 33. Suppose u = w + 93, -2*u = -0*u + d*w - 162. What is the units digit of u?
9
Suppose 2*z = -2*j - 3*j - 1401, -3*z + 4*j - 2067 = 0. Let c = -370 - z. What is the units digit of c?
3
What is the units digit of (-13 - (-300)/24)/(3/(-11646))?
1
Let s = 20 + -20. Let v be (-1)/((-2)/(-4 - s)). What is the tens digit of ((-1)/v)/(5/960)?
9
Let y be 11/(-44) + 630/(-8). Let v = 83 + y. Suppose 4*k - 6*k - 5*g = -9, v*k + 4*g - 48 = 0. What is the units digit of k?
7
Let s(r) = -r**3 - 3*r**2 - 7*r - 6. Let u be s(-4). Let c = u + -34. Suppose -273 - 55 = -c*b. What is the units digit of b?
2
Let s(h) = -h**3 + 3*h**2 + h - 3. Let p be s(5). Let d be (-3)/6*(p - 2). What is the units digit of d/(-2)*(1 + 33/(-5))?
0
Suppose 4*q - 15*c - 4834 = -16*c, 3*q + 2*c = 3628. Suppose 5*j = 13*j - q. What is the units digit of j?
1
Let g(m) = 651*m + 4158. What is the tens digit of g(9)?
1
What is the thousands digit of 1144/(-440) - 219759/(-15)?
4
Let x(t) = -t**3 - 10*t**2 - t. Let d be 4/(-12) + 1 - 32/3. What is the units digit of x(d)?
0
Let n = 46 - 41. Suppose -15 + 3 = 4*i, 4*w = -n*i + 2777. Suppose 0 = 2*b - w + 230. What is the hundreds digit of b?
2
Let h(f) = 1778*f**2 + 61*f + 113. What is the tens digit of h(-5)?
5
Suppose j - 6289 = -r, 16062 = 3*r - 3*j - 2793. What is the units digit of r?
7
Let g(l) = 2*l**3 + 338*l**2 - 232*l + 492. What is the hundreds digit of g(-169)?
7
Let s = 6233 - -2720. What is the hundreds digit of s?
9
Suppose 3*n + 19 = -5*s, 4*n + 10 - 6 = 4*s. What is the hundreds digit of (-569)/s*(-38 - -40)?
5
Let u(c) = -c**3 - 18*c**2 - 22*c + 26. Let l be u(-17). Let x = 192 - l. What is the units digit of x?
1
Suppose -100*x = -94*x - 3900. Suppose 190 - x = -j. What is the tens digit of j?
6
Let u be (-80)/30*(3 + 27/(-6)). Suppose 4*d + 12 = 0, -u*r + 3*d + 366 = -35. What is the tens digit of r?
9
Suppose 5 + 15 = 10*s. Suppose -4*a + 9*a - 5276 = 2*n, -a = s*n - 1060. What is the thousands digit of a?
1
Suppose 335*z + 52055 = 4*q + 338*z, z = 5. What is the hundreds digit of q?
0
Let k = 865 + -516. Let x = k + -166. What is the hundreds digit of x?
1
Let o = -903 - -32199. What is the ten thousands digit of o?
3
Suppose -k + 6043 - 20305 = -a, 4*k = 24. What is the ten thousands digit of a?
1
Suppose a - 129722 + 28933 = -12*a. What is the units digit of a?
3
What is the tens digit of 9 + 4519431/368 - (-2)/(-32)?
9
Let q(h) = -2*h**2 + 5*h**2 - 51 + 5*h**2 - 2*h + 60 - h**3. Suppose 0 = -4*f + 6*f - 14. What is the tens digit of q(f)?
4
Suppose 83050 = -10*p + 29*p - 126653. What is the thousands digit of p?
1
What is the tens digit of (17 - 2389192/(-234)) + (2 - (-60)/(-27))?
2
Suppose -684 = 6*w + 4380. Let a = 2017 + w. Suppose -a = -10*d + 357. What is the units digit of d?
3
Let o be 1 - (-161)/(-21)*3/(-1). Suppose o = 10*l - 4*l. Suppose -339 = x - l*x - 3*t, 0 = -2*x - 4*t + 234. What is the hundreds digit of x?
1
Suppose 248734 = 6*i + 55318. Suppose -i - 23564 = -36*h. What is the thousands digit of h?
1
Let j be 16/(-10)*45/(-2). Let f(v) = 47 - 24*v + 3*v - j. What is the units digit of f(-6)?
7
Let y(j) = -j**3 - 8*j**2 - 11*j + 10. Let b be y(-6). Suppose -2*h + 18 = b*h. What is the units digit of h/21 + 1005/21?
8
Let r(l) = l**2 + 19*l + 91. Let h be r(-14). Suppose -h*s = -14120 - 6964. What is the thousands digit of s?
1
Suppose 0*t = 3*r - 3*t + 252, 0 = 4*r - 5*t + 339. Let w = r - -197. What is the tens digit of w?
1
Let z(k) = k**2 + 10*k + 20. Let v be z(-2). Suppose -v*t - 2093 = -5*m - 536, -4*m + 1251 = -5*t. What is the hundreds digit of m?
3
Suppose 3*g + 8 = g - 4*f, -2*g - 2*f - 18 = 0. Let y = g - -16. Suppose -y*z + 6 = 2. What is the units digit of z?
2
Let x be 1246 + -1 + 0 + -3. What is the tens digit of x/3 + (9 - 14)?
0
Let m = 47 - 50. What is the units digit of 784 + (5 + m + -3)*-1?
5
Let i(y) be the first derivative of y**3/3 + 11*y**2/2 - 25*y - 7. Let k be i(-13). Let a(j) = 256*j + 9. What is the tens digit of a(k)?
6
Let w = -17 + 27. Let a(z) = 7*z**3 - 8*z**2 - 36*z + 14. Let i be a(7). Suppose i = w*n + n. What is the units digit of n?
1
Suppose -4143 = -36*k + 2409. Let m = k - -744. What is the hundreds digit of m?
9
Let n(m) = 5*m**3 + 2*m**2 + 3*m + 12. Let u be n(-4). Let f = u - -414. What is the hundreds digit of